f 5?
True
Is 99343 a multiple of 41?
True
Is 2719039 a multiple of 47?
False
Is 96 a factor of 5184?
True
Is 1425684 a multiple of 37?
True
Is 129 a factor of 28638?
True
Is 19 a factor of 12149?
False
Is 11 a factor of 1152734?
True
Does 3 divide 109720?
False
Is 282 a factor of 7050?
True
Is 307 a factor of 45436?
True
Is 158885 a multiple of 9?
False
Does 13 divide 3017573?
True
Is 6 a factor of 23686?
False
Does 388 divide 767852?
True
Is 3 a factor of 92803?
False
Does 8 divide 48409?
False
Is 6 a factor of 9192?
True
Does 5 divide 81838?
False
Is 13 a factor of 4167233?
False
Is 505693 a multiple of 75?
False
Is 51 a factor of 118932?
True
Is 6340152 a multiple of 12?
True
Is 12356347 a multiple of 1189?
False
Does 403 divide 258068?
False
Is 121 a factor of 1884646?
False
Does 218 divide 585141?
False
Is 30060 a multiple of 10?
True
Is 276626 a multiple of 20?
False
Is 8935 a multiple of 4?
False
Is 10 a factor of 686603?
False
Does 102 divide 445726?
False
Is 1114680 a multiple of 40?
True
Is 45 a factor of 2278303?
False
Does 128 divide 7192027?
False
Does 472 divide 25067?
False
Is 20 a factor of 131730?
False
Is 144641 a multiple of 43?
False
Does 48 divide 4610688?
True
Is 7964424 a multiple of 72?
True
Does 545 divide 142790?
True
Is 89665 a multiple of 227?
True
Is 2245089 a multiple of 77?
True
Is 4930906 a multiple of 15?
False
Does 32 divide 9568?
True
Does 19 divide 13467?
False
Is 914146 a multiple of 254?
True
Does 12 divide 4533?
False
Is 6821136 a multiple of 72?
True
Is 784515 a multiple of 30?
False
Does 6 divide 110677?
False
Does 127 divide 2244471?
True
Is 235456 a multiple of 208?
True
Is 95 a factor of 41384?
False
Is 85 a factor of 316865?
False
Is 7 a factor of 135869?
False
Does 74 divide 192400?
True
Does 406 divide 24735268?
False
Is 35733 a multiple of 28?
False
Is 811838 a multiple of 119?
False
Does 486 divide 456733?
False
Does 29 divide 107329?
True
Is 33874 a multiple of 70?
False
Is 970247 a multiple of 6?
False
Is 76854 a multiple of 42?
False
Is 34 a factor of 12735482?
True
Does 587 divide 3804188?
False
Is 91 a factor of 316498?
True
Is 29 a factor of 2373959?
False
Is 50 a factor of 1485518?
False
Is 5573429 a multiple of 23?
True
Is 139 a factor of 6907481?
False
Is 879869 a multiple of 6?
False
Is 102680 a multiple of 5?
True
Is 7193134 a multiple of 15?
False
Is 52 a factor of 49856?
False
Does 30 divide 313031?
False
Does 66 divide 852386?
False
Is 181356 a multiple of 102?
True
Is 37 a factor of 2401448?
True
Is 7 a factor of 559015?
False
Is 39152 a multiple of 26?
False
Does 12 divide 6668736?
True
Does 10 divide 251710?
True
Does 479 divide 3375992?
True
Is 445 a factor of 146213?
False
Is 9918279 a multiple of 16?
False
Is 35 a factor of 250747?
False
Is 2186302 a multiple of 16?
False
Is 1074472 a multiple of 196?
True
Does 302 divide 1488256?
True
Is 12 a factor of 82234?
False
Does 24 divide 74233?
False
Does 2 divide 342888?
True
Does 11 divide 9602139?
False
Is 5842277 a multiple of 10?
False
Does 384 divide 18432?
True
Does 5 divide 61225?
True
Is 884567 a multiple of 43?
False
Does 3 divide 384081?
True
Is 578511 a multiple of 84?
False
Is 7 a factor of 12810?
True
Is 5 a factor of 3704485?
True
Does 197 divide 59694?
False
Is 11049 a multiple of 9?
False
Does 198 divide 2848032?
True
Does 10 divide 115398?
False
Does 2 divide 33129?
False
Is 42287 a multiple of 4?
False
Does 350 divide 291478?
False
Does 197 divide 304759?
True
Is 892160 a multiple of 41?
True
Is 44 a factor of 2478763?
False
Is 232 a factor of 863272?
True
Is 1625596 a multiple of 399?
False
Does 7 divide 1462?
False
Is 27 a factor of 19225971?
True
Is 38947 a multiple of 29?
True
Is 275450 a multiple of 10?
True
Does 57 divide 2709921?
False
Does 46 divide 152582?
True
Is 15 a factor of 418005?
True
Is 3171125 a multiple of 115?
True
Does 7 divide 15813?
True
Does 18 divide 273510?
True
Is 1476529 a multiple of 6?
False
Does 2 divide 102420?
True
Is 546000 a multiple of 168?
True
Is 23 a factor of 1221723?
False
Is 343864 a multiple of 18?
False
Is 213 a factor of 411942?
True
Is 30 a factor of 6268269?
False
Does 86 divide 50290?
False
Is 70 a factor of 16928?
False
Is 27376 a multiple of 236?
True
Is 31866 a multiple of 339?
True
Is 1088241 a multiple of 33?
True
Is 70 a factor of 34300?
True
Does 23 divide 55108?
True
Does 13 divide 461826?
False
Is 236520 a multiple of 18?
True
Does 636 divide 544580?
False
Is 173 a factor of 780230?
True
Is 19 a factor of 875102?
True
Is 12 a factor of 565125?
False
Is 972696 a multiple of 24?
True
Is 3773547 a multiple of 1431?
True
Is 66997 a multiple of 7?
True
Is 13 a factor of 2140216?
True
Does 792 divide 4835952?
True
Is 10 a factor of 2749690?
True
Does 55 divide 197982?
False
Is 70 a factor of 585970?
True
Is 303 a factor of 295122?
True
Is 6606199 a multiple of 131?
True
Does 77 divide 111804?
True
Does 56 divide 81144?
True
Does 20 divide 397739?
False
Is 2875269 a multiple of 27?
False
Is 312635 a multiple of 20?
False
Is 3704256 a multiple of 32?
True
Is 5376 a multiple of 4?
True
Is 41796 a multiple of 18?
True
Does 20 divide 298766?
False
Is 62985 a multiple of 95?
True
Is 530418 a multiple of 73?
True
Is 13211 a multiple of 3?
False
Does 20 divide 844901?
False
Is 14615 a multiple of 37?
True
Is 4405294 a multiple of 118?
True
Is 1645728 a multiple of 224?
True
Is 192433 a multiple of 199?
True
Does 131 divide 3010511?
True
Is 1068 a factor of 6583152?
True
Is 321 a factor of 5008884?
True
Does 62 divide 36704?
True
Is 14198890 a multiple of 19?
True
Does 196 divide 1007440?
True
Does 796 divide 313116?
False
Does 396 divide 1792692?
True
Does 10 divide 164800?
True
Does 287 divide 8485797?
False
Is 139 a factor of 9942416?
False
Is 985740 a multiple of 210?
True
Is 47 a factor of 1173219?
False
Is 1119 a factor of 3828099?
True
Is 35044 a multiple of 6?
False
Is 2187783 a multiple of 9?
True
Does 135 divide 6215805?
True
Does 44 divide 53240?
True
Is 2000 a factor of 12728000?
True
Does 336 divide 4438896?
True
Is 28 a factor of 265104?
True
Does 28 divide 91056?
True
Is 8819644 a multiple of 11?
False
Is 1553314 a multiple of 14?
True
Does 589 divide 18980379?
False
Is 80930 a multiple of 73?
False
Is 134 a factor of 22381326?
False
Does 11 divide 341892?
False
Does 90 divide 14414130?
True
Is 113 a factor of 1419845?
True
Is 285 a factor of 12095400?
True
Is 132 a factor of 1923108?
True
Is 1423350 a multiple of 638?
False
Does 114 divide 416880?
False
Is 839183 a multiple of 113?
False
Is 13 a factor of 58448?
True
Does 288 divide 900288?
True
Does 15 divide 24062640?
True
Is 330 a factor of 3992419?
False
Is 75 a factor of 1582640?
False
Is 2135156 a multiple of 1039?
False
Is 5 a factor of 1107813?
False
Is 120 a factor of 20160?
True
Is 118 a factor of 5113176?
True
Is 38912 a multiple of 16?
True
Does 193 divide 1361143?
False
Is 137 a factor of 638146?
True
Is 54164 a multiple of 11?
True
Is 66375 a multiple of 9?
True
Is 137408 a multiple of 304?
True
Is 22 a factor of 345818?
True
Is 30 a factor of 99570?
True
Does 52 divide 10974595?
False
Does 12 divide 66396?
True
Is 5 a factor of 2261400?
True
Is 368784 a multiple of 788?
True
Does 99 divide 62469?
True
Is 4884108 a multiple of 6?
True
Is 10230800 a multiple of 25?
True
Does 177 divide 801512?
False
Is 10 a factor of 183190?
True
Is 8 a factor of 4504520?
True
Is 281568 a multiple of 32?
True
Does 35 divide 16057?
False
Is 181 a factor of 480374?
True
Does 143 divide 65745?
False
Does 183 divide 139446?
True
Is 21 a factor of 531048?
True
Does 6 divide 331691?
False
Does 26 divide 667711?
False
Is 89930 a multiple of 391?
True
Is 148588 a multiple of 39?
False
Is 35495 a multiple of 31?
True
Is 2258094 a multiple of 7?
False
Is 371609 a multiple of 11?
False
Is 426615 a multiple of 4?
False
Does 485 divide 2095306?
False
Does 15 divide 479721?
False
Is 12 a factor of 479064?
True
Does 12 divide 624600?
True
Does 7 divide 289149?
True
Is 185742 a multiple of 102?
True
Does 10 divide 24730?
True
Is 244 a factor of 271198?
False
Is 85 a factor of 549099?
False
Is 256 a factor of 3817888?
False
Is 38 a factor of 22415?
False
Is 126563 a multiple of 113?
False
Is 6 a factor of 31662?
True
Is 3 